i - 5 - 53. Let q be (-2)/3 + i/6. Let z = q + -4. What is the units digit of z?
5
What is the hundreds digit of 1/(-1) + 362 - -1?
3
Let w = 5 - 3. Let y(c) = -4*c - 6 + w*c + c. What is the units digit of y(-8)?
2
Let d(n) = -6*n**2 - 40*n - 39. Let c(l) = -l**2 - 8*l - 8. Let j(x) = -11*c(x) + 2*d(x). Let u be 4 - (-5 + 4 + -4). What is the units digit of j(u)?
1
Suppose -6 = -2*x - b, 2*x + b - 11 = -x. What is the units digit of x/(1 - -1 - 1)?
5
Let o(l) = 4 + 0 + 5*l**2 + 0*l**3 - l - 2 + l**3. What is the units digit of o(-5)?
7
Suppose -q = -3*q. Let j = 3 + q. Suppose -7*k + j*k = -28. What is the units digit of k?
7
Suppose -13 = -3*c - 7. What is the units digit of 2 + -1*2/c?
1
Let q = 27 - 9. What is the tens digit of q?
1
Suppose -3*p - 16 = 4*h, 2*h + 11 - 3 = -5*p. Suppose -4*c + 18 = -3*c - 5*n, -c - n + 12 = p. What is the units digit of c?
3
Suppose 6*p + 88 = 2*d + 2*p, 156 = 4*d + 2*p. What is the units digit of d?
0
Suppose -4*v + 0*v + 308 = -5*z, z - 284 = -4*v. What is the tens digit of v?
7
Let o(f) = f**3 + 10*f**2 - 15*f - 7. What is the tens digit of o(-11)?
3
Let g be (-2 - -1)*5 - 1. Let b be (-40)/g + 1/3. Suppose 0 = -5*l - 2*c + 63, -b*l + 43 = -2*l - 3*c. What is the units digit of l?
1
Let m(u) = 3 + 8*u - 4 - u**2 + 4. Let k be 3*7*(-3)/(-9). What is the tens digit of m(k)?
1
Suppose k = -0*k + 1. Let r = -4 + k. Let i = -1 - r. What is the units digit of i?
2
Suppose 0 = -4*p + 102 + 30. What is the units digit of p?
3
Let w(n) be the second derivative of n**3/6 + 6*n**2 - 4*n. What is the units digit of w(-9)?
3
Let p = 21 + -32. Let r = 15 + p. Let s = 2 + r. What is the units digit of s?
6
Let h(f) = 4*f**2 - f - 3. What is the units digit of h(5)?
2
Let q(h) = 2*h**2 + h. Let x be q(1). Suppose 0 = k + 4*r + 9, -k + x = r - 3. What is the units digit of k?
1
What is the tens digit of 3/6*61*2?
6
Suppose 6*w = -414 + 42. Let f = -27 - w. What is the units digit of f?
5
Let c(h) = -h**3 - 9*h**2 + 5*h - 10. What is the units digit of c(-10)?
0
Let k(s) = 5*s - 1. What is the units digit of k(2)?
9
Let b be 3*((-13)/3 - -1). Let g be (b/(-6))/((-2)/(-6)). Suppose g*a - 27 = 2*a. What is the units digit of a?
9
Let f(t) be the second derivative of t**5/40 + 2*t**3/3 - 3*t. Let g(h) be the second derivative of f(h). What is the units digit of g(2)?
6
Let p be (0 + 0 - -13)/(-1). What is the tens digit of -2*(-3)/(-6)*p?
1
Let s(a) = -a**2 - 6*a + 2. Let w be s(-5). Let q = w + -5. Suppose 5*i - 48 = q*i. What is the tens digit of i?
1
Suppose a = -x + 12, -6*a - 38 = -2*x - a. What is the units digit of x?
4
Let q(k) = 2*k + 4. Let c(s) = 9*s**2 - s. Let y be c(1). Let j be q(y). What is the units digit of (-5)/j*-2*2?
1
Let n(p) = p**2 + 8*p - 12. Let r be n(-10). Suppose 53 = -3*u + r. What is the units digit of (-27)/u*(7 + -2)?
9
Let c(p) = p**3 + 5*p**2 + 6. Suppose 0*m + 3*m + 15 = 0. Let j be c(m). What is the tens digit of 1/(-3) - (-74)/j?
1
Let p(c) = 7*c + 5*c + 0*c. What is the units digit of p(1)?
2
Let s = 10 + 70. What is the tens digit of s?
8
Let z be (-178)/(-10) + 2/10. Suppose 2*p = 7 - 29. Let d = z + p. What is the units digit of d?
7
Suppose 0 = 2*q - 2*p - 486, -q - 3*p + 249 = -p. What is the hundreds digit of q?
2
Suppose -3*m - 4*y + 154 = 0, m - 26 = -0*m + 5*y. What is the tens digit of m?
4
Let w be (6/4)/((-9)/(-30)). Suppose -19 = -l - w*z, l + 4*z = -3*l + 44. What is the units digit of l?
9
Let h(z) = z + 6. Suppose 2*k + 16 = 2*g + 5*k, -g + 7 = k. What is the tens digit of h(g)?
1
What is the tens digit of 1/((-34)/4) + 6215/85?
7
Let x(b) be the third derivative of -b**5/60 + 5*b**4/24 - b**3/6 + 2*b**2. Let l be x(3). Suppose -l*t + 0*t + 5 = 0. What is the units digit of t?
1
Suppose 5*y - 26 = y - 3*k, -4*k = y - 13. What is the tens digit of 76/(-5)*y/(-2)?
3
Suppose 3*m - 1774 = -571. What is the hundreds digit of m?
4
Let p(r) = r**3 + 9*r**2 - 11*r - 2. Let j be p(-10). Let w = 11 + j. What is the tens digit of w?
1
Let w(x) = x**3 - 4*x**2 + 3*x. What is the units digit of w(4)?
2
Let y = -5 + 5. Suppose -2*z + 64 = 2*h - 6*z, -2*h + 3*z + 61 = y. What is the tens digit of h?
2
Suppose 283 = 5*z + c, c + 116 = -z + 3*z. What is the tens digit of z?
5
Suppose -5*w - 22 = 3. Let m = 0 - w. What is the units digit of m?
5
Let q = 47 + -19. What is the units digit of q/(-5)*(-10)/4?
4
Let g = 3 - 0. Suppose -g*m + 0*m - 2*q = 0, 0 = 4*q + 12. Let b = m - 1. What is the units digit of b?
1
Let f = -2 - 0. Let g = f + 2. Suppose 3*m = -g*m + 15. What is the units digit of m?
5
Let k(t) = t**2 + 4*t + 1. Suppose -3*n = 1 + 8. Let l be n + -4 - (-3 - -1). What is the units digit of k(l)?
6
Suppose 3*j = -j. What is the units digit of j + (-1 - 1)/(-2)?
1
Suppose 0*u + 6 = -3*u. Let s be (u - -1) + 0 + 1. Suppose s*o = -o + 6. What is the units digit of o?
6
Let z = -7 + 7. Suppose z = 4*k - 2*l - 82, 0*k - 4*k - 2*l + 94 = 0. What is the units digit of k?
2
Suppose 15*y - 230 = 10*y. What is the tens digit of y?
4
Suppose 2*f = -2*f - 160. Let w = -26 - f. What is the units digit of w?
4
Suppose 34 - 114 = p. What is the units digit of (30/(-25))/(6/p)?
6
Suppose -7 = 5*o - 2*h - 29, -4*o + h + 17 = 0. Let a = 10 - o. What is the units digit of a?
6
Let j = 61 - 26. What is the tens digit of j?
3
Let z(j) = 4*j**2 + j - 1. Let u(f) = 2*f + 11. Let l be u(-5). What is the units digit of z(l)?
4
Let x(p) = -p**2 - 10*p - 11. What is the units digit of x(-8)?
5
Suppose -3*j + 6 = -126. What is the tens digit of j?
4
Let u be -1 + 2 + 1 + 3. Suppose u*h = 39 + 126. What is the tens digit of h?
3
Suppose 10 = -2*z, -2*r + 4*z = -z - 77. What is the tens digit of r?
2
What is the tens digit of -9*((-2)/(-8) - (-415)/(-12))?
0
Suppose -2*m - 31 + 13 = 0. Let r be (-4)/(-18) - (-11)/m. What is the units digit of 6/((-6)/(r*3))?
3
Suppose 0 = -y - 0 + 3, 0 = -4*o - 3*y + 17. Let a(j) = -j + 0*j + 4*j - 3. What is the units digit of a(o)?
3
Suppose 0 = -4*c + 4*r + 12, -3*c = -6*r + 2*r - 11. Let n(u) = u + 1. Let i be n(2). What is the units digit of (-22)/(-6) + c/i?
4
Let a(d) = -d**2 + 7*d + 12. Let l be a(9). What is the units digit of (2/5)/(l/(-240))?
6
Suppose 0*f = f - 40. Suppose 2*x + 4 = f. What is the units digit of x?
8
Let s be (-5)/15 - (-134)/6. Suppose -u + s = -0*u - 3*x, 5*u - 3*x = 74. What is the units digit of u?
3
Let c = 71 - 19. What is the tens digit of c?
5
Let u = -17 - -10. Let x = -2 - u. What is the units digit of x?
5
Suppose 5*i + 5 = -0*i. Let t be 5 + i + 8/(-4). Suppose t*x + 34 = 4*x. What is the tens digit of x?
1
Let u(t) = 3*t - 3*t**2 - 4*t - t**3 - t. Let m be u(-2). Suppose -6 = -m*j - 3*j. What is the units digit of j?
2
Suppose -y + 200 = 4*y - 2*x, -y + 52 = 2*x. What is the tens digit of y?
4
Let o be 2 - ((-1 - -1) + 0). Let d be (18/(-15))/(o/20). Let p = d + 17. What is the units digit of p?
5
Suppose 6*o - 213 = 3*o. What is the units digit of o?
1
Let y = -46 + 25. Let v = -15 - y. What is the units digit of v?
6
Suppose 0 = -b - 4. What is the units digit of 20/8*b/(-5)?
2
Let q(b) = 6*b**2 - b + 1. Let f be q(1). Let n be ((-4)/f)/((-8)/36). Suppose 0 = -3*r + 2*r, 3*k = -n*r + 36. What is the tens digit of k?
1
Suppose 186 = 6*p - 2*p - 5*m, -m = p - 42. What is the units digit of p?
4
Let p(u) = -u**3 - 5*u**2 + 7*u + 6. Let q be p(-6). What is the tens digit of 15/(1 + q) + 0?
1
Let p(j) be the second derivative of j**4/3 - j**3/2 - j**2/2 - 2*j. Let v(r) be the first derivative of p(r). What is the units digit of v(2)?
3
Let q be -60 - (1 + -2)*1. Let z = -34 - q. What is the tens digit of z?
2
Let q(a) = a**3 - 2*a**2 - 4. Suppose g + 2*o - 9 = 0, -g = -6*g + 4*o + 3. Let r be q(g). Suppose -r*s + 29 + 1 = 0. What is the units digit of s?
6
What is the tens digit of (3 - 112/12)*-3?
1
Let x = -2 + 10. Suppose 0 = 6*r - 2*r - x. What is the units digit of (-3 + -2)/((-1)/r)?
0
Let h(b) = -21*b + 13. What is the tens digit of h(-3)?
7
Suppose -3*v - 28 = 4*t - 184, 4*t - 140 = v. What is the tens digit of t?
3
Suppose 2*d + 3 = 7. Suppose 4 = 2*l - b - d*b, -4*l - 3*b + 8 = 0. Suppose -l*v - v + 6 = 0. What is the units digit of v?
2
Let i(r) = -r**3 + r**2 + r + 10. Let d be i(0). Suppose 0 = -5*y + d. Suppose l + y*